) = -3*o(n) + q(n). Determine d(-10).
-10
Let y(f) = -6*f + 78. Let l be (519/357 - 8/(-68))*7. Determine y(l).
12
Let w(d) = -d**3 + d**2 + d + 2. Let n be 9/4*(-72)/27. Let o = n + 10. Suppose 0*j - 3*j + 4*t = -2, o*j + 4*t = -16. Calculate w(j).
12
Let x(p) = -p**3 + 34*p**2 + 3*p - 107. Let w be x(34). Let o(m) = -3*m**2 - 16*m - 1. What is o(w)?
4
Let s(i) = -i**3 - 2*i. Let j(a) = a**3 - 2*a**2 - 9*a - 2. Let w(o) = j(o) - 5*s(o). Calculate w(2).
40
Let t be (-5 - 0) + (-8)/(-2). Let d(b) = -1. Let x(m) = m**3 + 3*m**2 + m + 6. Let p(y) = t*x(y) - 5*d(y). Let l(n) = -3*n + 37. Let z be l(13). What is p(z)?
-3
Let p(i) = 10*i**3 + 16*i**2 - 6*i - 14. Let x(a) = -17*a**3 - 28*a**2 + 13*a + 29. Let l(d) = -5*p(d) - 3*x(d). Give l(-5).
3
Let o(i) = 2*i - 5. Let x = -6357 + 6366. What is o(x)?
13
Let f(c) = 4*c**2 - 36*c - 134. Let d be f(-3). Let x(t) = -t**2 + 12*t + 4. Calculate x(d).
24
Let i(p) = p + 4 + 41*p**2 - 95*p**2 - 4*p**3 + 52*p**2 + 2*p**3. Determine i(-3).
37
Let o(v) be the third derivative of v**6/120 - v**5/12 + v**4/6 - v**3/2 + 163*v**2 + 3. Let l be ((-4)/10)/((-3)/15). Determine o(l).
-7
Let t = 8057 - 8052. Let s(k) = k**2 - k - 9. Give s(t).
11
Let l(s) = -s**3 + 5*s**2 - 2*s + 7. Suppose 2*g - g - 2 = 0. Let b(x) = x**2 - 28*x - 121. Let d be b(32). Suppose -d*k + 25 = -g*k. Give l(k).
-3
Let h(t) = -t**3 + 17*t**2 + 36*t - 26. Let f(c) = -c**3 + 18*c**2 + 41*c - 28. Let v(s) = 4*f(s) - 5*h(s). Let o = -18 + 32. Give v(o).
-10
Let b(u) = -34639 - 5*u**2 - 2*u - 58*u**3 + 59*u**3 + 34651. What is b(4)?
-12
Let a be ((-4)/5)/(-2) - (-32)/(-80). Let q(d) = -2 - 4 + 9 + a - d. Suppose z + 8 = 3*o, 23*z - 5*o + 32 = 26*z. Calculate q(z).
-1
Let t = 44 + 75. Let w = -119 + t. Let q(o) = o**2 + o. Calculate q(w).
0
Let p(s) = -3*s + 9. Let c be (22/3)/(3*(-18)/(-81)). Give p(c).
-24
Let s(z) = -2*z**2 - 7*z. Let p(t) = -257*t**2 - 254*t**2 + 512*t**2 + 4*t. Let a(g) = 7*p(g) + 4*s(g). Calculate a(-4).
-16
Let k(m) be the second derivative of -m**5/20 - m**4 + m**3/2 - 9*m**2/2 + 881*m + 1. What is k(-12)?
-45
Let u(h) = -2*h - 8. Let c(d) be the first derivative of 13*d**2/2 - 11*d - 108. Let m be c(0). Give u(m).
14
Let x(k) = k**3 - k**2 + 1. Let v(u) = -4*u**3 + 8*u**2 + 5*u - 15. Let z(l) = v(l) + 11*x(l). Determine z(2).
50
Let l(v) = 5*v**3 + 2*v**3 - 8*v**3 + 2*v**2 + 4*v**2. Suppose -213 = -25*f - 63. Calculate l(f).
0
Let w(q) = 171*q + 8. Let z(b) = 900*b + 39. Let x(s) = 21*w(s) - 4*z(s). Determine x(1).
3
Let u(m) be the first derivative of m**4/4 + 16*m**3/3 - m**2/2 - 19*m - 217. Calculate u(-16).
-3
Let d(b) = 17*b**3 + b**2 + b - 1. Suppose 6002*y = 6026*y - 24. Give d(y).
18
Let r = -421 - -426. Let t(u) be the third derivative of u**4/24 - 3*u**3/2 - 14*u**2. Calculate t(r).
-4
Let v(j) = -30*j + 1086. Let r(c) = -3*c + 104. Let u(l) = -21*r(l) + 2*v(l). Determine u(19).
45
Let z(i) = i**3 - 7*i**2 - 5. Let l be -4*2/(-36) - 152/36. Let q(n) = -2*n + 10. Let j be q(l). Suppose 0 = 3*v + 2*y - 5*y - j, 2*y = 4*v - 26. Give z(v).
-5
Let m(w) = -w**2 - 2. Let i be (120/28)/(-3)*-14. Suppose -11*n + 7*n = i. Determine m(n).
-27
Let h(i) = 3*i + 41. Let o(p) = 9*p + 86. Let x(f) = -5*h(f) + 3*o(f). Calculate x(-4).
5
Let f(j) be the first derivative of -11*j**2/2 + 219*j - 2921. Determine f(20).
-1
Let g(n) = n**3 + 8*n**2 + 6*n + 3. Let o be ((-12)/15)/1*-10. Suppose 0 = -5*h - 4*x + 364, -2*h + o*x - 3*x = -172. Let a = -83 + h. Give g(a).
10
Let d(k) = k**2 - 29*k + 140. Let b = 545 - 539. Let r be d(b). Let w(t) = 12*t - 2. Calculate w(r).
22
Let m(c) = 2*c - 9. Let s(i) = -107*i + 209. Let p be s(2). Determine m(p).
-19
Let j(g) = g**2 - 4*g - 7. Let u be 2/(-4) - (-33)/6. Let m be j(u). Let o(x) be the first derivative of -4*x**3/3 + x**2/2 + x - 72109. What is o(m)?
-17
Let w(d) be the first derivative of d**5/30 - d**4/12 - 29*d**2 - 115. Let g(s) be the second derivative of w(s). Suppose -h + 2 = -0. Determine g(h).
4
Suppose 6*z - 1142 + 1088 = 0. Let j(q) = -17 - 15*q + 2*q**2 - 3*q**2 + z + 11. Calculate j(-14).
17
Let o(l) = l**2 + 75*l + 1025. Let i be o(-57). Let q(a) = -44*a - 2. Let t(p) = -132*p - 5. Let y(v) = -8*q(v) + 3*t(v). Determine y(i).
45
Let o be (-3)/4*(-180)/(-27). Let a(z) = -z**3 - 6*z**2 + 2*z + 19. Determine a(o).
-16
Let j(k) be the first derivative of -26*k**2 + k + 815. What is j(-1)?
53
Let p be (24/16)/(6/(-8)). Let q(i) be the first derivative of 13 - 1/2*i**2 - 1/4*i**4 - 1/3*i**3 + i. Calculate q(p).
7
Suppose -5*q + 5*l + 10 = -5, -2*q + 4 = -l. Let m(s) = 4*s**3 - s**2 - s + 1. Let r be m(q). Let z(a) = r*a - a - 4*a + 3 + a. Calculate z(5).
-2
Let m = 4988 + -4978. Let h(b) = -b**3 + 9*b**2 + 6*b + 20. Give h(m).
-20
Let l be (-14 + 10)*6/(-8) + -234. Let b be (264/l)/((-4)/(-14)). Let p(d) = -2*d**2 - 5*d + 4. Determine p(b).
-8
Let l(b) = -2*b**2 + b. Let j(v) = 7*v**2 + 4*v + 15. Let x(g) = j(g) + 4*l(g). Give x(7).
22
Let t(o) = o**2 - 8*o - 5. Suppose 3 = 9*h - 15. Suppose y - 2*n = 2*n, 0 = -3*y - h*n. Suppose 31*j - 28*j - 24 = y. What is t(j)?
-5
Let p(t) be the first derivative of -2*t**3/3 - 25*t**2/2 + t + 3273. What is p(-12)?
13
Let b(i) = -i - 5*i - 2*i. Suppose -4*o + 20 - 25 + 13 = 0. Determine b(o).
-16
Suppose -116*k + 710 = -15*k + 41*k. Let b(h) = 190*h - 944. What is b(k)?
6
Let k(s) = -2*s. Let a be k(-1). Let t(j) = 16*j - 121. Let v be t(10). Let u(g) = -v*g + 16*g + 21*g + g**a + 1. What is u(1)?
0
Let k(u) be the first derivative of -u**6/120 - 17*u**5/60 + 19*u**4/24 + 2*u**3 + 231*u**2/2 + 92. Let l(w) be the second derivative of k(w). What is l(-18)?
-6
Let j(b) be the third derivative of b**6/120 + 7*b**5/15 + 23*b**4/24 - 109*b**3/6 - 20*b**2 - 5. What is j(-27)?
-1
Let j(p) be the third derivative of -p**6/120 - 23*p**5/60 - p**4 - 53*p**3/6 + 3*p**2 - 1120. Give j(-22).
-9
Let c(x) be the second derivative of -x**5/20 + 2*x**4/3 + 10*x**3/3 - 7*x**2 - 953*x + 1. Give c(10).
-14
Suppose -2*r + 8 = -2*q, 4*r - 6*q - 11 = -3*q. Let x(j) be the third derivative of -1/12*j**4 + 1/12*j**5 - 1/6*j**3 - 11*j**2 + 0*j + 0. What is x(r)?
6
Let m(n) be the third derivative of -7*n**5/60 - 49*n**4/12 + 7*n**3/6 - 132*n**2 + 16*n. Determine m(-14).
7
Let s(l) = l**3 + 4*l**2 - 3*l - 4. Suppose -58*t = 14*t - 45 - 171. Calculate s(t).
50
Let c(u) be the first derivative of u**3/3 - 3*u**2 + 7*u - 33. Let s be c(2). Let v(z) = -z**3 + 0*z**3 + 5*z**3. Give v(s).
-4
Let n(m) = 4*m**2 + 10*m - 40. Let q(b) = -11*b**2 - 21*b + 122. Let k(v) = 8*n(v) + 3*q(v). Determine k(19).
8
Suppose -8*k - 6*k = 0. Let b(r) = -r**2 - 3*r - 1. Let y(g) = g**3 + 4*g**2 + 15*g + 14. Let z(t) = 5*b(t) + y(t). Determine z(k).
9
Let v(k) be the third derivative of -k**4/3 - 22*k**3/3 + 156*k**2. Calculate v(-5).
-4
Let z(j) = 2*j + 31. Let i(d) = -60*d + 236. Let t be i(4). Give z(t).
23
Let k(l) = l**2 + 19*l + 39. Let a = 208 - 186. Suppose 4*s = -y - 71, -a*y = -24*y - 6. Calculate k(s).
5
Let a(j) = -5*j**2 + 3 - 2*j + 4*j + 4*j**2. Suppose 129*g + 168 = 133*g. Let l = 40 - g. Calculate a(l).
-5
Let r(d) = 4*d**2 - 3*d**2 - 7*d + d**3 + 5*d. Suppose -4*q = 3*s + 273, -3*s - 333 = s - 5*q. Let f = s - -85. What is r(f)?
0
Let o(g) = -g**3 - 8*g**2 - 5*g + 7. Let x(r) = -3 - 4 - 14*r + 219*r**2 - 220*r**2. Let h be x(-14). Calculate o(h).
-7
Let h(z) = 5*z**3 + 11*z**2 - 4*z - 1. Let x(s) = s - 3*s + s - s**2 + 1 + 2*s - s**3. Suppose -27*i + 38*i = -66. Let t(o) = i*x(o) - h(o). What is t(5)?
-15
Let y(g) be the third derivative of -g**5/10 - g**4/8 - g**2 + 1921*g. Determine y(2).
-30
Let u(n) = -4*n**2 + 6*n - 1. Let z(t) = -11*t**2 + 17*t - 4. Let s(a) = 8*u(a) - 3*z(a). Suppose 34*o - 36*o + 3*v = 4, -16 = -3*o - v. Calculate s(o).
8
Let u(y) = -5*y - 3. Let f(n) = -296*n - 296. Let q be f(-1). What is u(q)?
-3
Let l(w) = 2272*w + 4 - 227*w**2 - 2322*w + 221*w**2 - 1 - 5. Determine l(-8).
14
Let o be (7 - 4)*((-8)/3)/2. Let z(c) = 15*c + 7*c**2 + 18*c - 6*c**2 - 26*c + 6. Calculate z(o).
-6
Let p(z) = 6*z**2 + z + 1. Let x(m) = -5*m - 61. Suppose -4*i = 5*k + 72, 0 = -5*i + 3 - 18. Let q be x(k). Give p(q).
6
Suppose -6*s - 5*s = 0. Suppose -3*d + 4 + 2 = s. Let b(k) be the first derivative of 2*k**2 - 3*k + 3. Give b(d).
5
Let f(k) = 10*k + 0*k**2 + 6 - k**2